{"id":68,"date":"2022-10-08T18:56:29","date_gmt":"2022-10-08T16:56:29","guid":{"rendered":"https:\/\/www.chanvrier-lotois.com\/?page_id=68"},"modified":"2025-06-29T15:25:10","modified_gmt":"2025-06-29T13:25:10","slug":"bien-etre-au-naturel-cbd-bio","status":"publish","type":"page","link":"https:\/\/www.chanvrier-lotois.com\/index.php\/bien-etre-au-naturel-cbd-bio\/","title":{"rendered":"Les valeurs"},"content":{"rendered":"\n<p class=\"has-text-align-left has-text-color\" style=\"color:#0b265d;padding-right:200px;padding-left:200px;font-size:24px\">Le d\u00e9veloppement de l&rsquo;entreprise Chanvrier Lotois s&rsquo;appuie sur des valeurs fortes pour promouvoir le bien-\u00eatre au naturel et pour prot\u00e9ger notre environnement. <\/p>\n\n\n\n<div style=\"height:100px\" aria-hidden=\"true\" class=\"wp-block-spacer\"><\/div>\n\n\n\n<div class=\"wp-block-media-text has-media-on-the-right is-stacked-on-mobile\" style=\"grid-template-columns:auto 45%\"><div class=\"wp-block-media-text__content\">\n<h2 class=\"wp-block-heading has-text-align-center has-text-color\" style=\"color:#cbae60;font-size:40px\">OFFRIR LE BIEN-\u00caTRE AU NATUREL<\/h2>\n\n\n\n<p class=\"has-text-align-left has-text-color\" style=\"color:#0b265d;font-size:24px\">Notre gamme de produits au CBD s&rsquo;adapte \u00e0 vos besoins. Elle \u00e9volue selon les \u00e9tudes et les d\u00e9couvertes scientifiques concernant les b\u00e9n\u00e9fices des cannabino\u00efdes sur l&rsquo;organisme. <\/p>\n\n\n\n<p class=\"has-text-align-left has-text-color\" style=\"color:#0b265d;font-size:24px\">Nos collaborateurs (laboratoires, herboristes) <a href=\"https:\/\/cbdmag.fr\/extraction-au-co2-supercritique-comment-ca-marche\/\" target=\"_blank\" rel=\"noreferrer noopener\">sp\u00e9cialis\u00e9s en phytoth\u00e9rapie<\/a> croient comme nous \u00e0 l&rsquo;efficacit\u00e9 de la mol\u00e9cule naturelle de CBD.<\/p>\n<\/div><figure class=\"wp-block-media-text__media\"><img data-recalc-dims=\"1\" data-dominant-color=\"cbae60\" data-has-transparency=\"true\" style=\"--dominant-color: #cbae60;\" loading=\"lazy\" decoding=\"async\" width=\"1024\" height=\"1024\" src=\"https:\/\/i0.wp.com\/www.chanvrier-lotois.com\/wp-content\/uploads\/2023\/03\/1.png?resize=1024%2C1024&#038;quality=100&#038;ssl=1\" alt=\"bien-\u00eatre au naturel\" class=\"wp-image-528 size-medium has-transparency\" srcset=\"https:\/\/i0.wp.com\/www.chanvrier-lotois.com\/wp-content\/uploads\/2023\/03\/1.png?resize=1024%2C1024&amp;quality=100&amp;ssl=1 1024w, https:\/\/i0.wp.com\/www.chanvrier-lotois.com\/wp-content\/uploads\/2023\/03\/1.png?resize=300%2C300&amp;quality=100&amp;ssl=1 300w, https:\/\/i0.wp.com\/www.chanvrier-lotois.com\/wp-content\/uploads\/2023\/03\/1.png?resize=150%2C150&amp;quality=100&amp;ssl=1 150w, https:\/\/i0.wp.com\/www.chanvrier-lotois.com\/wp-content\/uploads\/2023\/03\/1.png?resize=768%2C768&amp;quality=100&amp;ssl=1 768w, https:\/\/i0.wp.com\/www.chanvrier-lotois.com\/wp-content\/uploads\/2023\/03\/1.png?resize=600%2C600&amp;quality=100&amp;ssl=1 600w, https:\/\/i0.wp.com\/www.chanvrier-lotois.com\/wp-content\/uploads\/2023\/03\/1.png?resize=100%2C100&amp;quality=100&amp;ssl=1 100w, https:\/\/i0.wp.com\/www.chanvrier-lotois.com\/wp-content\/uploads\/2023\/03\/1.png?w=1080&amp;quality=100&amp;ssl=1 1080w\" sizes=\"auto, (max-width: 1024px) 100vw, 1024px\" \/><\/figure><\/div>\n\n\n\n<div style=\"height:100px\" aria-hidden=\"true\" class=\"wp-block-spacer\"><\/div>\n\n\n\n<div class=\"wp-block-media-text is-stacked-on-mobile\"><figure class=\"wp-block-media-text__media\"><img data-recalc-dims=\"1\" data-dominant-color=\"a9965f\" data-has-transparency=\"true\" style=\"--dominant-color: #a9965f;\" loading=\"lazy\" decoding=\"async\" width=\"1024\" height=\"1024\" src=\"https:\/\/i0.wp.com\/www.chanvrier-lotois.com\/wp-content\/uploads\/2023\/03\/2.png?resize=1024%2C1024&#038;quality=100&#038;ssl=1\" alt=\"environnement dans le bien \u00eatre au naturel\" class=\"wp-image-529 size-medium has-transparency\" srcset=\"https:\/\/i0.wp.com\/www.chanvrier-lotois.com\/wp-content\/uploads\/2023\/03\/2.png?resize=1024%2C1024&amp;quality=100&amp;ssl=1 1024w, https:\/\/i0.wp.com\/www.chanvrier-lotois.com\/wp-content\/uploads\/2023\/03\/2.png?resize=300%2C300&amp;quality=100&amp;ssl=1 300w, https:\/\/i0.wp.com\/www.chanvrier-lotois.com\/wp-content\/uploads\/2023\/03\/2.png?resize=150%2C150&amp;quality=100&amp;ssl=1 150w, https:\/\/i0.wp.com\/www.chanvrier-lotois.com\/wp-content\/uploads\/2023\/03\/2.png?resize=768%2C768&amp;quality=100&amp;ssl=1 768w, https:\/\/i0.wp.com\/www.chanvrier-lotois.com\/wp-content\/uploads\/2023\/03\/2.png?resize=600%2C600&amp;quality=100&amp;ssl=1 600w, https:\/\/i0.wp.com\/www.chanvrier-lotois.com\/wp-content\/uploads\/2023\/03\/2.png?resize=100%2C100&amp;quality=100&amp;ssl=1 100w, https:\/\/i0.wp.com\/www.chanvrier-lotois.com\/wp-content\/uploads\/2023\/03\/2.png?w=1080&amp;quality=100&amp;ssl=1 1080w\" sizes=\"auto, (max-width: 1024px) 100vw, 1024px\" \/><\/figure><div class=\"wp-block-media-text__content\">\n<h2 class=\"wp-block-heading has-text-align-center has-text-color\" style=\"color:#cbae60;font-size:40px\">RESPECTER L&rsquo;ENVIRONNEMENT<\/h2>\n\n\n\n<p class=\"has-text-align-left has-text-color\" style=\"color:#0b265d;font-size:24px\">En premier lieu, l&rsquo;ensemble de nos ingr\u00e9dients est issu de l&rsquo;agriculture certifi\u00e9e biologique. C&rsquo;est pourquoi nous garantissons des produits sains, cultiv\u00e9s sans herbicide ni pesticide.  <\/p>\n\n\n\n<p class=\"has-text-align-left has-text-color\" style=\"color:#0b265d;font-size:24px\">En plus, le chanvre est une plante qui a des besoins mod\u00e9r\u00e9s en eau et ses racines en spirale contribuent \u00e0 a\u00e9rer les sols.<\/p>\n\n\n\n<p class=\"has-text-align-left has-text-color\" style=\"color:#0b265d;font-size:24px\">Enfin, pour la fabrication de nos produits, nous privil\u00e9gions le circuit-court. <\/p>\n<\/div><\/div>\n\n\n\n<div style=\"height:100px\" aria-hidden=\"true\" class=\"wp-block-spacer\"><\/div>\n\n\n\n<div class=\"wp-block-media-text has-media-on-the-right is-stacked-on-mobile\"><div class=\"wp-block-media-text__content\">\n<h2 class=\"wp-block-heading has-text-align-center has-text-color\" style=\"color:#cbae60;font-size:40px\">AGIR SUR LE TERRITOIRE<\/h2>\n\n\n\n<p class=\"has-text-align-left has-text-color\" style=\"color:#0b265d;font-size:24px\">Tout d&rsquo;abord, nous avons fait le choix d&rsquo;installer nos parcelles de chanvre dans le Lot. Les autres ingr\u00e9dients viennent de productions lotoises ou occitanes.<\/p>\n\n\n\n<p class=\"has-text-align-left has-text-color\" style=\"color:#0b265d;font-size:24px\">Pour l&#8217;embouteillage, le graphisme, le packaging et l&rsquo;impression, nous faisons appel \u00e0 des prestataires install\u00e9s dans la r\u00e9gion Occitanie.  <\/p>\n\n\n\n<p class=\"has-text-align-left has-text-color\" style=\"color:#0b265d;font-size:24px\">Pour finir, nous sommes en lien direct avec un r\u00e9seau de <a href=\"https:\/\/www.chanvrier-lotois.com\/index.php\/les-points-de-vente-producteur-francais-cbd\/\" target=\"_blank\" rel=\"noreferrer noopener\">points de vente<\/a> r\u00e9partis dans la r\u00e9gion. <\/p>\n<\/div><figure class=\"wp-block-media-text__media\"><img data-recalc-dims=\"1\" data-dominant-color=\"7f8c69\" data-has-transparency=\"true\" style=\"--dominant-color: #7f8c69;\" loading=\"lazy\" decoding=\"async\" width=\"1024\" height=\"1024\" src=\"https:\/\/i0.wp.com\/www.chanvrier-lotois.com\/wp-content\/uploads\/2023\/03\/3.png?resize=1024%2C1024&#038;quality=100&#038;ssl=1\" alt=\"Troisi\u00e8me des valeurs\" class=\"wp-image-530 size-medium has-transparency\" srcset=\"https:\/\/i0.wp.com\/www.chanvrier-lotois.com\/wp-content\/uploads\/2023\/03\/3.png?resize=1024%2C1024&amp;quality=100&amp;ssl=1 1024w, https:\/\/i0.wp.com\/www.chanvrier-lotois.com\/wp-content\/uploads\/2023\/03\/3.png?resize=300%2C300&amp;quality=100&amp;ssl=1 300w, https:\/\/i0.wp.com\/www.chanvrier-lotois.com\/wp-content\/uploads\/2023\/03\/3.png?resize=150%2C150&amp;quality=100&amp;ssl=1 150w, https:\/\/i0.wp.com\/www.chanvrier-lotois.com\/wp-content\/uploads\/2023\/03\/3.png?resize=768%2C768&amp;quality=100&amp;ssl=1 768w, https:\/\/i0.wp.com\/www.chanvrier-lotois.com\/wp-content\/uploads\/2023\/03\/3.png?resize=600%2C600&amp;quality=100&amp;ssl=1 600w, https:\/\/i0.wp.com\/www.chanvrier-lotois.com\/wp-content\/uploads\/2023\/03\/3.png?resize=100%2C100&amp;quality=100&amp;ssl=1 100w, https:\/\/i0.wp.com\/www.chanvrier-lotois.com\/wp-content\/uploads\/2023\/03\/3.png?w=1080&amp;quality=100&amp;ssl=1 1080w\" sizes=\"auto, (max-width: 1024px) 100vw, 1024px\" \/><\/figure><\/div>\n\n\n\n<div style=\"height:100px\" aria-hidden=\"true\" class=\"wp-block-spacer\"><\/div>\n\n\n\n<div class=\"wp-block-media-text is-stacked-on-mobile\"><figure class=\"wp-block-media-text__media\"><img data-recalc-dims=\"1\" data-dominant-color=\"425463\" data-has-transparency=\"true\" style=\"--dominant-color: #425463;\" loading=\"lazy\" decoding=\"async\" width=\"1080\" height=\"1080\" src=\"https:\/\/i0.wp.com\/www.chanvrier-lotois.com\/wp-content\/uploads\/2023\/03\/4.png?resize=1080%2C1080&#038;quality=100&#038;ssl=1\" alt=\"Logo des 4 valeurs\" class=\"wp-image-531 size-medium has-transparency\" srcset=\"https:\/\/i0.wp.com\/www.chanvrier-lotois.com\/wp-content\/uploads\/2023\/03\/4.png?resize=1024%2C1024&amp;quality=100&amp;ssl=1 1024w, https:\/\/i0.wp.com\/www.chanvrier-lotois.com\/wp-content\/uploads\/2023\/03\/4.png?resize=300%2C300&amp;quality=100&amp;ssl=1 300w, https:\/\/i0.wp.com\/www.chanvrier-lotois.com\/wp-content\/uploads\/2023\/03\/4.png?resize=150%2C150&amp;quality=100&amp;ssl=1 150w, https:\/\/i0.wp.com\/www.chanvrier-lotois.com\/wp-content\/uploads\/2023\/03\/4.png?resize=768%2C768&amp;quality=100&amp;ssl=1 768w, https:\/\/i0.wp.com\/www.chanvrier-lotois.com\/wp-content\/uploads\/2023\/03\/4.png?resize=600%2C600&amp;quality=100&amp;ssl=1 600w, https:\/\/i0.wp.com\/www.chanvrier-lotois.com\/wp-content\/uploads\/2023\/03\/4.png?resize=100%2C100&amp;quality=100&amp;ssl=1 100w, https:\/\/i0.wp.com\/www.chanvrier-lotois.com\/wp-content\/uploads\/2023\/03\/4.png?w=1080&amp;quality=100&amp;ssl=1 1080w\" sizes=\"auto, (max-width: 1080px) 100vw, 1080px\" \/><\/figure><div class=\"wp-block-media-text__content\">\n<h2 class=\"wp-block-heading has-text-align-center has-text-color\" style=\"color:#cbae60;font-size:40px\">CR\u00c9ER DES PRODUITS HAUT DE GAMME <\/h2>\n\n\n\n<p class=\"has-text-align-left has-text-color\" style=\"color:#0b265d;font-size:24px\">Nous exigeons des ingr\u00e9dients d&rsquo;excellente qualit\u00e9 et labellis\u00e9s agriculture biologique pour cr\u00e9er chacun de nos produits. <\/p>\n\n\n\n<p class=\"has-text-align-left has-text-color\" style=\"color:#0b265d;font-size:24px\">De plus, nous collaborons avec des experts pour l&rsquo;\u00e9laboration de notre gamme afin d&rsquo;obtenir le meilleur du chanvre. <\/p>\n\n\n\n<p class=\"has-text-align-left has-text-color\" style=\"color:#0b265d;font-size:24px\">\u00c0 chaque \u00e9tape de production, nous respectons rigoureusement les r\u00e9glementations sur la commercialisation des produits \u00e0 base de CBD et garantissons la tra\u00e7abilit\u00e9 de nos produits.<\/p>\n<\/div><\/div>\n\n\n\n<div style=\"height:100px\" aria-hidden=\"true\" class=\"wp-block-spacer\"><\/div>\n","protected":false},"excerpt":{"rendered":"<p>Le d\u00e9veloppement de l&rsquo;entreprise Chanvrier Lotois s&rsquo;appuie sur des valeurs fortes pour promouvoir le bien-\u00eatre au naturel et pour prot\u00e9ger notre environnement. OFFRIR LE BIEN-\u00caTRE AU NATUREL Notre gamme de produits au CBD s&rsquo;adapte \u00e0 vos besoins. Elle \u00e9volue selon les \u00e9tudes et les d\u00e9couvertes scientifiques concernant les b\u00e9n\u00e9fices des cannabino\u00efdes sur l&rsquo;organisme. Nos collaborateurs&hellip;&nbsp;<\/p>\n","protected":false},"author":1,"featured_media":458,"parent":0,"menu_order":0,"comment_status":"closed","ping_status":"closed","template":"","meta":{"_monsterinsights_skip_tracking":false,"_monsterinsights_sitenote_active":false,"_monsterinsights_sitenote_note":"","_monsterinsights_sitenote_category":0,"neve_meta_sidebar":"","neve_meta_container":"","neve_meta_enable_content_width":"","neve_meta_content_width":0,"neve_meta_title_alignment":"","neve_meta_author_avatar":"","neve_post_elements_order":"","neve_meta_disable_header":"","neve_meta_disable_footer":"","neve_meta_disable_title":"","_themeisle_gutenberg_block_has_review":false,"footnotes":""},"class_list":["post-68","page","type-page","status-publish","has-post-thumbnail","hentry"],"aioseo_notices":[],"jetpack-related-posts":[{"id":979,"url":"https:\/\/www.chanvrier-lotois.com\/","url_meta":{"origin":68,"position":0},"title":"Le CBD fran\u00e7ais bio","author":"Lauriane Beucher","date":"31 mars 2023","format":false,"excerpt":"Chanvrier Lotois dans la presse D\u00e9couvrez les articles parus dans la presse du Lot et d'Occitanie sur notre production et le reportage France 3 r\u00e9gions. L'article de la semaine de votre producteur de CBD fran\u00e7ais bio \u00e0 Cahors Lisez les nouveaux articles du blog d\u00e9di\u00e9 au CBD. Avanc\u00e9es scientifiques, bienfaits\u2026","rel":"","context":"Article similaire","block_context":{"text":"Article similaire","link":""},"img":{"alt_text":"Le CBD bio fran\u00e7ais","src":"https:\/\/i0.wp.com\/www.chanvrier-lotois.com\/wp-content\/uploads\/2024\/11\/banniere-site-A2-paysage-1.webp?fit=1200%2C848&quality=100&ssl=1&resize=350%2C200","width":350,"height":200,"srcset":"https:\/\/i0.wp.com\/www.chanvrier-lotois.com\/wp-content\/uploads\/2024\/11\/banniere-site-A2-paysage-1.webp?fit=1200%2C848&quality=100&ssl=1&resize=350%2C200 1x, https:\/\/i0.wp.com\/www.chanvrier-lotois.com\/wp-content\/uploads\/2024\/11\/banniere-site-A2-paysage-1.webp?fit=1200%2C848&quality=100&ssl=1&resize=525%2C300 1.5x, https:\/\/i0.wp.com\/www.chanvrier-lotois.com\/wp-content\/uploads\/2024\/11\/banniere-site-A2-paysage-1.webp?fit=1200%2C848&quality=100&ssl=1&resize=700%2C400 2x, https:\/\/i0.wp.com\/www.chanvrier-lotois.com\/wp-content\/uploads\/2024\/11\/banniere-site-A2-paysage-1.webp?fit=1200%2C848&quality=100&ssl=1&resize=1050%2C600 3x"},"classes":[]},{"id":430,"url":"https:\/\/www.chanvrier-lotois.com\/index.php\/entreprise-de-cbd-bio\/","url_meta":{"origin":68,"position":1},"title":"L&rsquo;entreprise","author":"Lauriane Beucher","date":"28 f\u00e9vrier 2023","format":false,"excerpt":"L'entreprise de CBD bio Chanvrier Lotois s\u2019est install\u00e9e en 2021 sur les terres du Lot, d\u00e9partement occitan qui porte les traces d\u2019une culture chanvri\u00e8re ancestrale. Elle a \u00e0 c\u0153ur de prendre soin des humains comme de respecter l\u2019environnement. Le Lot : terre de chanvre d\u00e8s l'Antiquit\u00e9 La culture du chanvre\u2026","rel":"","context":"Article similaire","block_context":{"text":"Article similaire","link":""},"img":{"alt_text":"","src":"https:\/\/i0.wp.com\/www.chanvrier-lotois.com\/wp-content\/uploads\/2024\/03\/3-1.webp?resize=350%2C200&quality=100&ssl=1","width":350,"height":200,"srcset":"https:\/\/i0.wp.com\/www.chanvrier-lotois.com\/wp-content\/uploads\/2024\/03\/3-1.webp?resize=350%2C200&quality=100&ssl=1 1x, https:\/\/i0.wp.com\/www.chanvrier-lotois.com\/wp-content\/uploads\/2024\/03\/3-1.webp?resize=525%2C300&quality=100&ssl=1 1.5x, https:\/\/i0.wp.com\/www.chanvrier-lotois.com\/wp-content\/uploads\/2024\/03\/3-1.webp?resize=700%2C400&quality=100&ssl=1 2x"},"classes":[]},{"id":3197,"url":"https:\/\/www.chanvrier-lotois.com\/index.php\/canahe-fleurs-de-cbd-par-chanvrier-lotois\/","url_meta":{"origin":68,"position":2},"title":"Canah\u00e9 par Chanvrier Lotois","author":"Lauriane Beucher","date":"8 janvier 2025","format":false,"excerpt":"Canah\u00e9 est la s\u00e9lection incontournable de nos fleurs, r\u00e9sines et sticks, disponibles chez les buralistes et magasins de vape partenaires. Savoureuses et vari\u00e9es, de gros calibre ou en pop's, enti\u00e8res ou d\u00e9j\u00e0 roul\u00e9es, les fleurs de CBD s'adaptent \u00e0 votre quotidien et \u00e0 vos go\u00fbts en respectant les valeurs que\u2026","rel":"","context":"Article similaire","block_context":{"text":"Article similaire","link":""},"img":{"alt_text":"sticks CBD","src":"https:\/\/i0.wp.com\/www.chanvrier-lotois.com\/wp-content\/uploads\/2025\/01\/11-1-scaled.webp?resize=350%2C200&quality=100&ssl=1","width":350,"height":200,"srcset":"https:\/\/i0.wp.com\/www.chanvrier-lotois.com\/wp-content\/uploads\/2025\/01\/11-1-scaled.webp?resize=350%2C200&quality=100&ssl=1 1x, https:\/\/i0.wp.com\/www.chanvrier-lotois.com\/wp-content\/uploads\/2025\/01\/11-1-scaled.webp?resize=525%2C300&quality=100&ssl=1 1.5x, https:\/\/i0.wp.com\/www.chanvrier-lotois.com\/wp-content\/uploads\/2025\/01\/11-1-scaled.webp?resize=700%2C400&quality=100&ssl=1 2x, https:\/\/i0.wp.com\/www.chanvrier-lotois.com\/wp-content\/uploads\/2025\/01\/11-1-scaled.webp?resize=1050%2C600&quality=100&ssl=1 3x, https:\/\/i0.wp.com\/www.chanvrier-lotois.com\/wp-content\/uploads\/2025\/01\/11-1-scaled.webp?resize=1400%2C800&quality=100&ssl=1 4x"},"classes":[]},{"id":928,"url":"https:\/\/www.chanvrier-lotois.com\/index.php\/mentions-legales-chanvrier-lotois\/","url_meta":{"origin":68,"position":3},"title":"Mentions l\u00e9gales","author":"Lauriane Beucher","date":"28 mars 2023","format":false,"excerpt":"Le site chanvrier-lotois.com est la propri\u00e9t\u00e9 et est \u00e9dit\u00e9 par :Chanvrier Lotois SAS, soci\u00e9t\u00e9 par actions simplifi\u00e9e, sise 40 rue du Dr Jean S\u00e9gala - 46000 Cahorsinscrite au Registre du Commerce et des Soci\u00e9t\u00e9s de Cahors (RCS) sous le n\u00b0918 418 625au capital de 1 000 euros Num\u00e9ro de TVA\u2026","rel":"","context":"Article similaire","block_context":{"text":"Article similaire","link":""},"img":{"alt_text":"","src":"","width":0,"height":0},"classes":[]},{"id":925,"url":"https:\/\/www.chanvrier-lotois.com\/index.php\/conditions-generales-de-vente\/","url_meta":{"origin":68,"position":4},"title":"Conditions g\u00e9n\u00e9rales de vente","author":"Lauriane Beucher","date":"28 mars 2023","format":false,"excerpt":"\u2013 PR\u00c9AMBULE \u2013 Les pr\u00e9sentes Conditions G\u00e9n\u00e9rales de Vente (ci-apr\u00e8s \u00ab les Conditions G\u00e9n\u00e9rales \u00bb) ont pour objet de d\u00e9finir les modalit\u00e9s et conditions des services et ventes des produits propos\u00e9s par la soci\u00e9t\u00e9 Chanvrier Lotois SAS et figurant sur le site \u00ab chanvrier-lotois.com \u00bb (ci-apr\u00e8s \u00ab le Site \u00bb),\u2026","rel":"","context":"Article similaire","block_context":{"text":"Article similaire","link":""},"img":{"alt_text":"","src":"","width":0,"height":0},"classes":[]},{"id":951,"url":"https:\/\/www.chanvrier-lotois.com\/index.php\/conditions-pro-pour-la-vente\/","url_meta":{"origin":68,"position":5},"title":"Conditions g\u00e9n\u00e9rales de vente pour les professionnels","author":"Lauriane Beucher","date":"31 mars 2023","format":false,"excerpt":"1. PR\u00c9AMBULE.\u00a0 Les pr\u00e9sentes Conditions\u00a0 G\u00e9n\u00e9rales de Vente (\u00ab CGV\u00bb) ont pour objet de\u00a0 d\u00e9finir les modalit\u00e9s et conditions de ventes de ses produits (\u00ab Produits \u00bb) propos\u00e9s par la\u00a0 soci\u00e9t\u00e9 Chanvrier Lotois aux professionnels (l\u2019\u00ab\u00a0 Acheteur\u00bb) en vue de leur revente aupr\u00e8s de\u00a0 leurs clients. 2. VENDEUR.\u00a0 Le vendeur\u2026","rel":"","context":"Article similaire","block_context":{"text":"Article similaire","link":""},"img":{"alt_text":"","src":"","width":0,"height":0},"classes":[]}],"jetpack_sharing_enabled":true,"jetpack_likes_enabled":true,"_links":{"self":[{"href":"https:\/\/www.chanvrier-lotois.com\/index.php\/wp-json\/wp\/v2\/pages\/68","targetHints":{"allow":["GET"]}}],"collection":[{"href":"https:\/\/www.chanvrier-lotois.com\/index.php\/wp-json\/wp\/v2\/pages"}],"about":[{"href":"https:\/\/www.chanvrier-lotois.com\/index.php\/wp-json\/wp\/v2\/types\/page"}],"author":[{"embeddable":true,"href":"https:\/\/www.chanvrier-lotois.com\/index.php\/wp-json\/wp\/v2\/users\/1"}],"replies":[{"embeddable":true,"href":"https:\/\/www.chanvrier-lotois.com\/index.php\/wp-json\/wp\/v2\/comments?post=68"}],"version-history":[{"count":18,"href":"https:\/\/www.chanvrier-lotois.com\/index.php\/wp-json\/wp\/v2\/pages\/68\/revisions"}],"predecessor-version":[{"id":4030,"href":"https:\/\/www.chanvrier-lotois.com\/index.php\/wp-json\/wp\/v2\/pages\/68\/revisions\/4030"}],"wp:featuredmedia":[{"embeddable":true,"href":"https:\/\/www.chanvrier-lotois.com\/index.php\/wp-json\/wp\/v2\/media\/458"}],"wp:attachment":[{"href":"https:\/\/www.chanvrier-lotois.com\/index.php\/wp-json\/wp\/v2\/media?parent=68"}],"curies":[{"name":"wp","href":"https:\/\/api.w.org\/{rel}","templated":true}]}}