{"id":1341,"date":"2023-06-21T16:46:43","date_gmt":"2023-06-21T14:46:43","guid":{"rendered":"https:\/\/www.chanvrier-lotois.com\/?page_id=1341"},"modified":"2025-06-29T15:21:31","modified_gmt":"2025-06-29T13:21:31","slug":"lequipe","status":"publish","type":"page","link":"https:\/\/www.chanvrier-lotois.com\/index.php\/lequipe\/","title":{"rendered":"L&rsquo;\u00e9quipe"},"content":{"rendered":"\n<h2 class=\"wp-block-heading has-text-align-left has-text-color\" id=\"inspiro-is-a-digital-product-agency-that-focuses-on-strategy-and-design\" style=\"color:#0b265d;padding-right:200px;padding-left:200px;font-size:25px;font-style:normal;font-weight:400\">L&rsquo;\u00e9quipe Chanvrier Lotois, c&rsquo;est trois associ\u00e9s convaincus par les <a href=\"https:\/\/www.chanvrier-lotois.com\/index.php\/2023\/02\/20\/phytotherapie-cbd\/\" target=\"_blank\" rel=\"noreferrer noopener\">bienfaits du CBD<\/a>. Ils allient leurs comp\u00e9tences pour d\u00e9velopper une production de CBD bio dans le Lot. Ils avancent ensemble pour cr\u00e9er la meilleure qualit\u00e9 de produits pour votre bien-\u00eatre. <\/h2>\n\n\n\n<div style=\"height:30px\" aria-hidden=\"true\" class=\"wp-block-spacer\"><\/div>\n\n\n\n<h2 class=\"wp-block-heading has-text-align-center has-text-color\" style=\"color:#cbae60;font-size:30px\">Portraits des acteurs du chanvre en Occitanie<\/h2>\n\n\n\n<div style=\"height:20px\" aria-hidden=\"true\" class=\"wp-block-spacer\"><\/div>\n\n\n\n<blockquote class=\"wp-block-quote is-layout-flow wp-block-quote-is-layout-flow\" style=\"font-size:22px\">\n<p class=\"has-text-color\" style=\"color:#005c7e;padding-right:var(--wp--preset--spacing--x-large);padding-left:var(--wp--preset--spacing--x-large);font-size:25px\"><em><strong>Observer avec minutie, \u00e9laborer avec pr\u00e9cision, atteindre du haut de gamme<\/strong><\/em> <strong><em>avec le CBD<\/em><\/strong><\/p>\n<\/blockquote>\n\n\n\n<div class=\"wp-block-media-text alignwide is-stacked-on-mobile\"><figure class=\"wp-block-media-text__media\"><img data-recalc-dims=\"1\" data-dominant-color=\"b58f7c\" data-has-transparency=\"false\" style=\"--dominant-color: #b58f7c;\" loading=\"lazy\" decoding=\"async\" width=\"950\" height=\"950\" src=\"https:\/\/i0.wp.com\/www.chanvrier-lotois.com\/wp-content\/uploads\/2024\/03\/Sam-jpg.webp?resize=950%2C950&#038;quality=100&#038;ssl=1\" alt=\"dirigeant de Chanvrier Lotois\" class=\"wp-image-2567 size-full not-transparent\" srcset=\"https:\/\/i0.wp.com\/www.chanvrier-lotois.com\/wp-content\/uploads\/2024\/03\/Sam-jpg.webp?w=950&amp;quality=100&amp;ssl=1 950w, https:\/\/i0.wp.com\/www.chanvrier-lotois.com\/wp-content\/uploads\/2024\/03\/Sam-jpg.webp?resize=300%2C300&amp;quality=100&amp;ssl=1 300w, https:\/\/i0.wp.com\/www.chanvrier-lotois.com\/wp-content\/uploads\/2024\/03\/Sam-jpg.webp?resize=150%2C150&amp;quality=100&amp;ssl=1 150w, https:\/\/i0.wp.com\/www.chanvrier-lotois.com\/wp-content\/uploads\/2024\/03\/Sam-jpg.webp?resize=768%2C768&amp;quality=100&amp;ssl=1 768w, https:\/\/i0.wp.com\/www.chanvrier-lotois.com\/wp-content\/uploads\/2024\/03\/Sam-jpg.webp?resize=144%2C144&amp;quality=100&amp;ssl=1 144w, https:\/\/i0.wp.com\/www.chanvrier-lotois.com\/wp-content\/uploads\/2024\/03\/Sam-jpg.webp?resize=200%2C200&amp;quality=100&amp;ssl=1 200w, https:\/\/i0.wp.com\/www.chanvrier-lotois.com\/wp-content\/uploads\/2024\/03\/Sam-jpg.webp?resize=100%2C100&amp;quality=100&amp;ssl=1 100w\" sizes=\"auto, (max-width: 950px) 100vw, 950px\" \/><\/figure><div class=\"wp-block-media-text__content\">\n<p class=\"has-text-align-left has-text-color\" style=\"color:#0b265d;font-size:24px\">Samuel Belhamiti a fait des \u00e9tudes de biologie. Il a d\u00e9couvert la plante extraordinaire qu&rsquo;est le chanvre en participant \u00e0 la relance de fili\u00e8re textile en Occitanie. D\u00e8s 2021, il entreprend de produire du CBD bio dans le Lot en agriculture biologique pour \u00e9laborer des huiles de qualit\u00e9. Il fait ensuite grandir son projet en cr\u00e9ant Chanvrier Lotois avec des associ\u00e9s, <a href=\"https:\/\/www.cfmradio.fr\/le-bon-le-brut-et-les-gourmands--magasin-de-producteurs\" target=\"_blank\" rel=\"noreferrer noopener\">des co-producteurs et des partenaires <\/a>locaux afin d&rsquo;\u00e9largir la gamme. <\/p>\n<\/div><\/div>\n\n\n\n<div style=\"height:100px\" aria-hidden=\"true\" class=\"wp-block-spacer\"><\/div>\n\n\n\n<blockquote class=\"wp-block-quote is-layout-flow wp-block-quote-is-layout-flow\">\n<p class=\"has-text-color\" style=\"color:#005c7e;padding-right:var(--wp--preset--spacing--x-large);padding-left:var(--wp--preset--spacing--x-large);font-size:25px\"><strong><em>Prendre soin des plantes, de la terre et des humains<\/em><\/strong> <strong><em>sur le territoire du Lot<\/em><\/strong><\/p>\n<\/blockquote>\n\n\n\n<div class=\"wp-block-media-text alignwide has-media-on-the-right is-stacked-on-mobile\"><div class=\"wp-block-media-text__content\">\n<p class=\"has-text-align-left has-text-color\" style=\"color:#0b265d;font-size:24px\">Boris Nouyoux est form\u00e9 en agronomie ainsi qu&rsquo;en sciences des sols. Apr\u00e8s une exp\u00e9rience cons\u00e9quente en suivi agricole, il s&rsquo;associe \u00e0 Samuel en 2022 pour apporter ses comp\u00e9tences au champ. Il assure le suivi de la surface cultiv\u00e9e. Responsable de production, il s&rsquo;occupe de la parcelle lotoise et accompagne les co-producteurs situ\u00e9s pr\u00e8s de Toulouse.<\/p>\n<\/div><figure class=\"wp-block-media-text__media\"><img data-recalc-dims=\"1\" data-dominant-color=\"94806e\" data-has-transparency=\"false\" style=\"--dominant-color: #94806e;\" loading=\"lazy\" decoding=\"async\" width=\"950\" height=\"950\" src=\"https:\/\/i0.wp.com\/www.chanvrier-lotois.com\/wp-content\/uploads\/2024\/03\/Boris-jpg.webp?resize=950%2C950&#038;quality=100&#038;ssl=1\" alt=\"\" class=\"wp-image-2569 size-full not-transparent\" srcset=\"https:\/\/i0.wp.com\/www.chanvrier-lotois.com\/wp-content\/uploads\/2024\/03\/Boris-jpg.webp?w=950&amp;quality=100&amp;ssl=1 950w, https:\/\/i0.wp.com\/www.chanvrier-lotois.com\/wp-content\/uploads\/2024\/03\/Boris-jpg.webp?resize=300%2C300&amp;quality=100&amp;ssl=1 300w, https:\/\/i0.wp.com\/www.chanvrier-lotois.com\/wp-content\/uploads\/2024\/03\/Boris-jpg.webp?resize=150%2C150&amp;quality=100&amp;ssl=1 150w, https:\/\/i0.wp.com\/www.chanvrier-lotois.com\/wp-content\/uploads\/2024\/03\/Boris-jpg.webp?resize=768%2C768&amp;quality=100&amp;ssl=1 768w, https:\/\/i0.wp.com\/www.chanvrier-lotois.com\/wp-content\/uploads\/2024\/03\/Boris-jpg.webp?resize=144%2C144&amp;quality=100&amp;ssl=1 144w, https:\/\/i0.wp.com\/www.chanvrier-lotois.com\/wp-content\/uploads\/2024\/03\/Boris-jpg.webp?resize=200%2C200&amp;quality=100&amp;ssl=1 200w, https:\/\/i0.wp.com\/www.chanvrier-lotois.com\/wp-content\/uploads\/2024\/03\/Boris-jpg.webp?resize=100%2C100&amp;quality=100&amp;ssl=1 100w\" sizes=\"auto, (max-width: 950px) 100vw, 950px\" \/><\/figure><\/div>\n\n\n\n<div style=\"height:30px\" aria-hidden=\"true\" class=\"wp-block-spacer\"><\/div>\n\n\n\n<blockquote class=\"wp-block-quote is-layout-flow wp-block-quote-is-layout-flow\">\n<p class=\"has-text-color\" style=\"color:#005c7e;padding-right:var(--wp--preset--spacing--x-large);padding-left:var(--wp--preset--spacing--x-large);font-size:25px\"><strong><em>Tisser des liens de confiance sur les r\u00e9seaux et sur le territoire<\/em><\/strong> <strong><em>occitan<\/em><\/strong><\/p>\n<\/blockquote>\n\n\n\n<div class=\"wp-block-media-text alignwide is-stacked-on-mobile\"><figure class=\"wp-block-media-text__media\"><img data-recalc-dims=\"1\" data-dominant-color=\"988474\" data-has-transparency=\"false\" style=\"--dominant-color: #988474;\" loading=\"lazy\" decoding=\"async\" width=\"950\" height=\"950\" src=\"https:\/\/i0.wp.com\/www.chanvrier-lotois.com\/wp-content\/uploads\/2024\/03\/Lau-jpg.webp?resize=950%2C950&#038;quality=100&#038;ssl=1\" alt=\"\" class=\"wp-image-2570 size-full not-transparent\" srcset=\"https:\/\/i0.wp.com\/www.chanvrier-lotois.com\/wp-content\/uploads\/2024\/03\/Lau-jpg.webp?w=950&amp;quality=100&amp;ssl=1 950w, https:\/\/i0.wp.com\/www.chanvrier-lotois.com\/wp-content\/uploads\/2024\/03\/Lau-jpg.webp?resize=300%2C300&amp;quality=100&amp;ssl=1 300w, https:\/\/i0.wp.com\/www.chanvrier-lotois.com\/wp-content\/uploads\/2024\/03\/Lau-jpg.webp?resize=150%2C150&amp;quality=100&amp;ssl=1 150w, https:\/\/i0.wp.com\/www.chanvrier-lotois.com\/wp-content\/uploads\/2024\/03\/Lau-jpg.webp?resize=768%2C768&amp;quality=100&amp;ssl=1 768w, https:\/\/i0.wp.com\/www.chanvrier-lotois.com\/wp-content\/uploads\/2024\/03\/Lau-jpg.webp?resize=144%2C144&amp;quality=100&amp;ssl=1 144w, https:\/\/i0.wp.com\/www.chanvrier-lotois.com\/wp-content\/uploads\/2024\/03\/Lau-jpg.webp?resize=200%2C200&amp;quality=100&amp;ssl=1 200w, https:\/\/i0.wp.com\/www.chanvrier-lotois.com\/wp-content\/uploads\/2024\/03\/Lau-jpg.webp?resize=100%2C100&amp;quality=100&amp;ssl=1 100w\" sizes=\"auto, (max-width: 950px) 100vw, 950px\" \/><\/figure><div class=\"wp-block-media-text__content\">\n<p class=\"has-text-align-left has-text-color\" style=\"color:#0b265d;font-size:24px\">Lauriane Beucher a fait des \u00e9tudes dans les m\u00e9tiers de l&rsquo;\u00e9criture. L&rsquo;huile de CBD lui a permis d&rsquo;\u00e9liminer efficacement et en douceur ses insomnies. Elle d\u00e9cide de rejoindre l&rsquo;\u00e9quipe Chanvrier Lotois pour s&rsquo;occuper de la communication, convaincue par un projet qui respecte l&rsquo;environnement et qui privil\u00e9gie <a href=\"https:\/\/www.chanvrier-lotois.com\/index.php\/savoirs-sur-le-cbd-de-chanvrier-lotois\/\" target=\"_blank\" rel=\"noreferrer noopener\">le circuit court et local<\/a>.<\/p>\n<\/div><\/div>\n\n\n\n<div style=\"height:30px\" aria-hidden=\"true\" class=\"wp-block-spacer\"><\/div>\n","protected":false},"excerpt":{"rendered":"<p>L&rsquo;\u00e9quipe Chanvrier Lotois, c&rsquo;est trois associ\u00e9s convaincus par les bienfaits du CBD. Ils allient leurs comp\u00e9tences pour d\u00e9velopper une production de CBD bio dans le Lot. Ils avancent ensemble pour cr\u00e9er la meilleure qualit\u00e9 de produits pour votre bien-\u00eatre. Portraits des acteurs du chanvre en Occitanie Observer avec minutie, \u00e9laborer avec pr\u00e9cision, atteindre du haut&hellip;&nbsp;<\/p>\n","protected":false},"author":1,"featured_media":0,"parent":0,"menu_order":0,"comment_status":"closed","ping_status":"closed","template":"","meta":{"_monsterinsights_skip_tracking":false,"_monsterinsights_sitenote_active":false,"_monsterinsights_sitenote_note":"","_monsterinsights_sitenote_category":0,"neve_meta_sidebar":"","neve_meta_container":"","neve_meta_enable_content_width":"","neve_meta_content_width":0,"neve_meta_title_alignment":"","neve_meta_author_avatar":"","neve_post_elements_order":"","neve_meta_disable_header":"","neve_meta_disable_footer":"","neve_meta_disable_title":"","_themeisle_gutenberg_block_has_review":false,"footnotes":""},"class_list":["post-1341","page","type-page","status-publish","hentry"],"aioseo_notices":[],"jetpack-related-posts":[{"id":979,"url":"https:\/\/www.chanvrier-lotois.com\/","url_meta":{"origin":1341,"position":0},"title":"Le CBD fran\u00e7ais bio","author":"Lauriane Beucher","date":"31 mars 2023","format":false,"excerpt":"Chanvrier Lotois dans la presse D\u00e9couvrez les articles parus dans la presse du Lot et d'Occitanie sur notre production et le reportage France 3 r\u00e9gions. L'article de la semaine de votre producteur de CBD fran\u00e7ais bio \u00e0 Cahors Lisez les nouveaux articles du blog d\u00e9di\u00e9 au CBD. Avanc\u00e9es scientifiques, bienfaits\u2026","rel":"","context":"Article similaire","block_context":{"text":"Article similaire","link":""},"img":{"alt_text":"Le CBD bio fran\u00e7ais","src":"https:\/\/i0.wp.com\/www.chanvrier-lotois.com\/wp-content\/uploads\/2024\/11\/banniere-site-A2-paysage-1.webp?fit=1200%2C848&quality=100&ssl=1&resize=350%2C200","width":350,"height":200,"srcset":"https:\/\/i0.wp.com\/www.chanvrier-lotois.com\/wp-content\/uploads\/2024\/11\/banniere-site-A2-paysage-1.webp?fit=1200%2C848&quality=100&ssl=1&resize=350%2C200 1x, https:\/\/i0.wp.com\/www.chanvrier-lotois.com\/wp-content\/uploads\/2024\/11\/banniere-site-A2-paysage-1.webp?fit=1200%2C848&quality=100&ssl=1&resize=525%2C300 1.5x, https:\/\/i0.wp.com\/www.chanvrier-lotois.com\/wp-content\/uploads\/2024\/11\/banniere-site-A2-paysage-1.webp?fit=1200%2C848&quality=100&ssl=1&resize=700%2C400 2x, https:\/\/i0.wp.com\/www.chanvrier-lotois.com\/wp-content\/uploads\/2024\/11\/banniere-site-A2-paysage-1.webp?fit=1200%2C848&quality=100&ssl=1&resize=1050%2C600 3x"},"classes":[]},{"id":825,"url":"https:\/\/www.chanvrier-lotois.com\/index.php\/cbd-doccitanie-cbd-bio-du-lot\/","url_meta":{"origin":1341,"position":1},"title":"La presse","author":"Lauriane Beucher","date":"16 mars 2023","format":false,"excerpt":"La presse parle de Chanvrier Lotois, producteur de CBD d'Occitanie en bio. Revivez l'histoire de l'entreprise de chanvre bien-\u00eatre. Reportages et articles d\u00e9roulent l'\u00e9volution du chanvre bio dans le Lot depuis la cr\u00e9ation de Chanvrier Lotois. Mars 2025 : Partenariat avec Les Acolytes pour une bi\u00e8re au chanvre 100 %\u2026","rel":"","context":"Article similaire","block_context":{"text":"Article similaire","link":""},"img":{"alt_text":"","src":"https:\/\/i0.wp.com\/www.chanvrier-lotois.com\/wp-content\/uploads\/2025\/03\/Capture-decran-2025-03-24-a-10.16.42-png.webp?resize=350%2C200&quality=100&ssl=1","width":350,"height":200,"srcset":"https:\/\/i0.wp.com\/www.chanvrier-lotois.com\/wp-content\/uploads\/2025\/03\/Capture-decran-2025-03-24-a-10.16.42-png.webp?resize=350%2C200&quality=100&ssl=1 1x, https:\/\/i0.wp.com\/www.chanvrier-lotois.com\/wp-content\/uploads\/2025\/03\/Capture-decran-2025-03-24-a-10.16.42-png.webp?resize=525%2C300&quality=100&ssl=1 1.5x, https:\/\/i0.wp.com\/www.chanvrier-lotois.com\/wp-content\/uploads\/2025\/03\/Capture-decran-2025-03-24-a-10.16.42-png.webp?resize=700%2C400&quality=100&ssl=1 2x, https:\/\/i0.wp.com\/www.chanvrier-lotois.com\/wp-content\/uploads\/2025\/03\/Capture-decran-2025-03-24-a-10.16.42-png.webp?resize=1050%2C600&quality=100&ssl=1 3x"},"classes":[]},{"id":3197,"url":"https:\/\/www.chanvrier-lotois.com\/index.php\/canahe-fleurs-de-cbd-par-chanvrier-lotois\/","url_meta":{"origin":1341,"position":2},"title":"Canah\u00e9 par Chanvrier Lotois","author":"Lauriane Beucher","date":"8 janvier 2025","format":false,"excerpt":"Canah\u00e9 est la s\u00e9lection incontournable de nos fleurs, r\u00e9sines et sticks, disponibles chez les buralistes et magasins de vape partenaires. Savoureuses et vari\u00e9es, de gros calibre ou en pop's, enti\u00e8res ou d\u00e9j\u00e0 roul\u00e9es, les fleurs de CBD s'adaptent \u00e0 votre quotidien et \u00e0 vos go\u00fbts en respectant les valeurs que\u2026","rel":"","context":"Article similaire","block_context":{"text":"Article similaire","link":""},"img":{"alt_text":"sticks CBD","src":"https:\/\/i0.wp.com\/www.chanvrier-lotois.com\/wp-content\/uploads\/2025\/01\/11-1-scaled.webp?resize=350%2C200&quality=100&ssl=1","width":350,"height":200,"srcset":"https:\/\/i0.wp.com\/www.chanvrier-lotois.com\/wp-content\/uploads\/2025\/01\/11-1-scaled.webp?resize=350%2C200&quality=100&ssl=1 1x, https:\/\/i0.wp.com\/www.chanvrier-lotois.com\/wp-content\/uploads\/2025\/01\/11-1-scaled.webp?resize=525%2C300&quality=100&ssl=1 1.5x, https:\/\/i0.wp.com\/www.chanvrier-lotois.com\/wp-content\/uploads\/2025\/01\/11-1-scaled.webp?resize=700%2C400&quality=100&ssl=1 2x, https:\/\/i0.wp.com\/www.chanvrier-lotois.com\/wp-content\/uploads\/2025\/01\/11-1-scaled.webp?resize=1050%2C600&quality=100&ssl=1 3x, https:\/\/i0.wp.com\/www.chanvrier-lotois.com\/wp-content\/uploads\/2025\/01\/11-1-scaled.webp?resize=1400%2C800&quality=100&ssl=1 4x"},"classes":[]},{"id":67,"url":"https:\/\/www.chanvrier-lotois.com\/index.php\/savoirs-sur-le-cbd-de-chanvrier-lotois\/","url_meta":{"origin":1341,"position":3},"title":"Le savoir-faire","author":"Lauriane Beucher","date":"8 octobre 2022","format":false,"excerpt":"Chaque jour, nous enrichissons nos savoirs sur le CBD et d\u00e9veloppons avec nos partenaires des savoir-faire pour promouvoir la sant\u00e9 au naturel. PARTAGE DES SAVOIRS SUR LE CBD Nous tissons un r\u00e9seau avec des coproducteurs r\u00e9gionaux afin de partager notre exp\u00e9rience et travailler ensemble sur les m\u00e9thodes adapt\u00e9es \u00e0 une\u2026","rel":"","context":"Article similaire","block_context":{"text":"Article similaire","link":""},"img":{"alt_text":"","src":"https:\/\/i0.wp.com\/www.chanvrier-lotois.com\/wp-content\/uploads\/2024\/03\/5.webp?resize=350%2C200&quality=100&ssl=1","width":350,"height":200,"srcset":"https:\/\/i0.wp.com\/www.chanvrier-lotois.com\/wp-content\/uploads\/2024\/03\/5.webp?resize=350%2C200&quality=100&ssl=1 1x, https:\/\/i0.wp.com\/www.chanvrier-lotois.com\/wp-content\/uploads\/2024\/03\/5.webp?resize=525%2C300&quality=100&ssl=1 1.5x, https:\/\/i0.wp.com\/www.chanvrier-lotois.com\/wp-content\/uploads\/2024\/03\/5.webp?resize=700%2C400&quality=100&ssl=1 2x"},"classes":[]},{"id":61,"url":"https:\/\/www.chanvrier-lotois.com\/index.php\/blog-actu-du-cbd\/","url_meta":{"origin":1341,"position":4},"title":"L&rsquo;actu du CBD","author":"Lauriane Beucher","date":"8 octobre 2022","format":false,"excerpt":"","rel":"","context":"Article similaire","block_context":{"text":"Article similaire","link":""},"img":{"alt_text":"","src":"","width":0,"height":0},"classes":[]},{"id":814,"url":"https:\/\/www.chanvrier-lotois.com\/index.php\/questions-sur-le-cbd-bio-et-nous-contacter\/","url_meta":{"origin":1341,"position":5},"title":"Nous contacter","author":"Lauriane Beucher","date":"15 mars 2023","format":false,"excerpt":"Questions fr\u00e9quentes sur nos produits : Consultez les r\u00e9ponses aux questions les plus courantes de nos clients. Quel est le dosage d'huile de CBD pr\u00e9conis\u00e9 ? Les organismes de sant\u00e9 conseillent de ne pas d\u00e9passer la dose de 70 mg de CBD par jour. Il est pr\u00e9f\u00e9rable de commencer par\u2026","rel":"","context":"Article similaire","block_context":{"text":"Article similaire","link":""},"img":{"alt_text":"","src":"https:\/\/i0.wp.com\/www.chanvrier-lotois.com\/wp-content\/uploads\/2024\/03\/Mail-1.webp?resize=350%2C200&quality=100&ssl=1","width":350,"height":200,"srcset":"https:\/\/i0.wp.com\/www.chanvrier-lotois.com\/wp-content\/uploads\/2024\/03\/Mail-1.webp?resize=350%2C200&quality=100&ssl=1 1x, https:\/\/i0.wp.com\/www.chanvrier-lotois.com\/wp-content\/uploads\/2024\/03\/Mail-1.webp?resize=525%2C300&quality=100&ssl=1 1.5x, https:\/\/i0.wp.com\/www.chanvrier-lotois.com\/wp-content\/uploads\/2024\/03\/Mail-1.webp?resize=700%2C400&quality=100&ssl=1 2x"},"classes":[]}],"jetpack_sharing_enabled":true,"jetpack_likes_enabled":true,"_links":{"self":[{"href":"https:\/\/www.chanvrier-lotois.com\/index.php\/wp-json\/wp\/v2\/pages\/1341","targetHints":{"allow":["GET"]}}],"collection":[{"href":"https:\/\/www.chanvrier-lotois.com\/index.php\/wp-json\/wp\/v2\/pages"}],"about":[{"href":"https:\/\/www.chanvrier-lotois.com\/index.php\/wp-json\/wp\/v2\/types\/page"}],"author":[{"embeddable":true,"href":"https:\/\/www.chanvrier-lotois.com\/index.php\/wp-json\/wp\/v2\/users\/1"}],"replies":[{"embeddable":true,"href":"https:\/\/www.chanvrier-lotois.com\/index.php\/wp-json\/wp\/v2\/comments?post=1341"}],"version-history":[{"count":10,"href":"https:\/\/www.chanvrier-lotois.com\/index.php\/wp-json\/wp\/v2\/pages\/1341\/revisions"}],"predecessor-version":[{"id":4027,"href":"https:\/\/www.chanvrier-lotois.com\/index.php\/wp-json\/wp\/v2\/pages\/1341\/revisions\/4027"}],"wp:attachment":[{"href":"https:\/\/www.chanvrier-lotois.com\/index.php\/wp-json\/wp\/v2\/media?parent=1341"}],"curies":[{"name":"wp","href":"https:\/\/api.w.org\/{rel}","templated":true}]}}